Let k be a(4). What is the hundreds digit of 567*(k/12)/(-7)?
1
Suppose 34*c = 25*c. Suppose -p + 2*n + 502 = -0*p, -2*p + n + 1019 = c. What is the units digit of p?
2
Suppose -1173986 = -39*r + 787498 - 423441. What is the tens digit of r?
3
Suppose 30*p - 66631 = 80069. Suppose -92*d + p = -77*d. What is the units digit of d?
6
What is the ten thousands digit of (120290/15 + -5)/((-6)/(-54))?
7
Let r(g) = -1005*g - 5. Suppose 2 = -14*l + 12*l. Let s be r(l). Suppose -4*z - 4*z + s = 0. What is the hundreds digit of z?
1
What is the tens digit of (74/3)/((-22684)/(-3240) - 7)?
8
Let o = -15 - 28. Let m = -34 - o. Suppose m = 5*b - 1, 2*b - 9 = -5*k. What is the units digit of k?
1
Let l be (10/(-4) + 1)*520/(-195). Suppose 5*s = -0*m + 2*m - 471, 2*s = l*m - 950. What is the tens digit of m?
3
Let r = 73 + -43. What is the units digit of (r/(-24)*246 + 1)*-2?
3
Let m = -564 + 266. Let w = 690 + m. Let c = 570 - w. What is the units digit of c?
8
Let b = 14994 - 7843. What is the units digit of b?
1
Let q(f) = -11*f + 94. Let c be q(8). Suppose c*k - 205 = 4127. What is the hundreds digit of k?
7
Let p(u) be the third derivative of -u**6/120 + 11*u**5/60 - u**4/6 + 11*u**3/6 + u**2. Let v(c) = 3*c - 2. Let w be v(4). What is the tens digit of p(w)?
7
Let p be (-2 + 3)*(-5564)/(0 - -4). Let l = 2424 + p. What is the units digit of l?
3
Suppose 0 = -6*u + 13036 + 25472. Let h = u - 4464. What is the units digit of h?
4
Suppose 2*h - 3128 = 5*y + 4571, 2*h = -3*y + 7691. What is the units digit of h?
7
Let q = -827 + 1231. Suppose q + 60 = f. What is the units digit of f?
4
Let l = 84 - 45. Suppose 6*j + 33 = -l. What is the hundreds digit of (-1)/(123/508 + 3/j)?
1
Let c(p) = p - 28. Let u(q) = q - 28. Let r(a) = 2*c(a) - 3*u(a). Let n be r(25). Suppose -5*k = -7*w + 6*w - 156, k = -n*w + 44. What is the tens digit of k?
3
Let x(v) = -2*v**2 + 33*v + 26. Let f be x(17). Suppose 7*l = 4*l - 3*r - f, l - 17 = 4*r. What is the units digit of l?
1
Let t(v) be the third derivative of 0 - 7/2*v**3 - 7*v**2 + 4/3*v**4 + 0*v. What is the units digit of t(6)?
1
Let y(l) = -l**2 - 7*l - 8. Let x be y(-5). Let p be (-3)/x + 1 + (-9)/(-18). Suppose -128 = -2*m - p*m + 3*j, 5*m = 3*j + 329. What is the units digit of m?
7
Suppose 35*h - 305*h + 6046110 = 0. What is the tens digit of h?
9
What is the tens digit of 16100/112 + 4/(19 + -3)?
4
Let l(n) = -n**3 + 5*n**2 + 5*n + 9. Let t = 38 + -42. Let w be l(t). Let p = w - 72. What is the tens digit of p?
6
Let g be ((-1)/(-3))/(((-49)/(-63))/7). Let a be (-4 - -2)/(((-8)/g)/4). Suppose -a*p - 57 = -6*p. What is the units digit of p?
9
Let x = 1030 - -1075. What is the thousands digit of x?
2
Let q be (0 - -2)*(1 + 155). Let d(y) = 121*y**2 - 5*y + 6. Let o be d(1). Let f = q - o. What is the tens digit of f?
9
Suppose -3*g + 3 = 2*t, 0*g = 5*t - g + 1. Let k(w) = -w**3 + 4*w**2 + w - 4. Let r be k(4). Suppose r = 3*p - t*p - 99. What is the tens digit of p?
3
Let z(i) = -56*i - 6. Let f be z(1). Let p = 82 + f. Let v = p - -44. What is the units digit of v?
4
What is the ten thousands digit of 8/((-8)/27655)*2/(-5) + -5?
1
Let y be ((-16)/20 - (-1)/(-5)) + -8. Let i(x) be the third derivative of -x**5/60 - 19*x**4/24 - x**3/3 - 4*x**2. What is the units digit of i(y)?
8
Let g(a) = 2*a**3 - 12*a**2 + 211*a - 3794. What is the units digit of g(17)?
1
Suppose 60 = -3*p - 5*f, -2*p = -f + 30 - 3. What is the tens digit of (-4 - (19 + -3))*408/p?
4
Let b(c) = -267*c + 2281. What is the ten thousands digit of b(-31)?
1
Let m be -1 - (-187)/(-1 + 2). Let v = -79 + m. Let t = v - 26. What is the units digit of t?
1
Let n(g) = -1 - 15*g - 6 + 61*g**2 - 7. What is the hundreds digit of n(-3)?
5
Let z(x) = x + 22. Let w be z(-22). Suppose u - 2*g + w + 20 = 0, -15 = 3*u + 3*g. What is the units digit of ((-2)/5)/(u/1850)?
4
Let m = -13719 - -22665. What is the units digit of m?
6
Suppose -2*a - 5*s = -216, -404 = -2*a - 2*a + 4*s. Let j = a - -243. What is the units digit of j?
6
Suppose 3*l - 2*g = 2 - 0, 4*l + 3*g - 31 = 0. What is the hundreds digit of (-6)/14 - l/(84/(-2655))?
1
Let l = -6 + 6. Suppose -5*h - 15 + 5 = l. Let d(j) = 4*j + 20. What is the units digit of d(h)?
2
Let l(w) be the first derivative of w**4/4 - 4*w**3/3 - 3*w**2 + 15*w - 105. What is the units digit of l(6)?
1
Let q = -133641 - -199617. What is the hundreds digit of q?
9
Let v(o) = 5*o**2 + 16*o - 7. Suppose 2*m = -109 + 89. Let y be v(m). Let k = y + -212. What is the hundreds digit of k?
1
Let x be ((-48)/32 - -1)*(1 - 31). Let p(r) = 41*r - 72. What is the hundreds digit of p(x)?
5
Let f(s) = 2647*s - 8. Let o(z) = -1324*z + 6. Let b(q) = -3*f(q) - 5*o(q). What is the thousands digit of b(-1)?
1
What is the hundreds digit of (-16 - (-2083732)/84) + (-4)/(-6)?
7
Let p be -12*(-2965)/15 + 4. Suppose 2*i + 16*o - 12*o - p = 0, -4796 = -4*i + 3*o. What is the thousands digit of i?
1
Let l = -623 + 524. Let z = 779 + l. What is the hundreds digit of z?
6
Let o(f) = f**3 + 9*f**2 + 9*f - 4. Suppose 5*n - 212 = -42. Suppose -29*t + 25 = -n*t. What is the tens digit of o(t)?
5
Let y = -1496 - -4627. What is the thousands digit of y?
3
Let w(y) = 3*y**2 - 14*y + 8. Let g be w(4). Suppose g = -57*x + 45*x + 3288. What is the tens digit of x?
7
Let h = -35 + 36. Let l be h/4 + (-17)/68. What is the tens digit of 98 - (-1 + 1 + (l - 3))?
0
Let l = 255 - 532. Let y = -114 + 116. What is the units digit of (y - l/2) + 12/(-24)?
0
Suppose -4*a = 2*c - 68, 5*a - 29 = -9. Suppose -c*g + 4*g = -5148. What is the tens digit of g?
3
Suppose 29*v + 16 = 37*v. Let p be v/(-7) + -5 + 471/7. Suppose 0 + 4 = 4*d, c - 3*d = p. What is the units digit of c?
5
Let l(n) be the first derivative of -35*n**2/2 - 26*n + 1. Suppose -7*z - 460 = 97*z - 12*z. What is the hundreds digit of l(z)?
1
Suppose 0 = -46*a + 47*a - 12. What is the tens digit of (5052/a)/(-2 + 3)?
2
Suppose 10*q + 87 = 7*q. Let m = -27 - q. What is the units digit of 3*(-4 + (m - -26))?
2
Suppose -26*w + 29283 = -21*w - 3*v, 3*w = -3*v + 17589. What is the units digit of w?
9
What is the units digit of ((-17)/((-51)/72))/(4/818)?
8
Let h(o) = o**3 + 17*o**2 + o + 19. Let u be h(-17). Suppose -u*p = p - 42. Suppose p*y - 164 = 10*y. What is the units digit of y?
1
Let w(z) = z**2 + 4*z. Let h be w(-2). Let d be (-1136)/(-2)*(-2)/h. Suppose 0 = -2*f + 5*v + d, 2*f - 2*v = 3*f - 142. What is the tens digit of f?
4
Suppose 0 = -l + 2*l + 1. Suppose 53 + 223 = 23*y. What is the units digit of y/15*(64 - l)?
2
Let m(l) = 2*l**3 - 2*l**2 + l - 4. Let b be (-172)/8 + (6 - 3)/(-6). Let x = b - -25. What is the units digit of m(x)?
5
Let i be ((-78)/(-8))/((-4)/(-512)). Let u = i - 428. What is the tens digit of u?
2
What is the hundreds digit of (-2)/(-11) - 378/231*-1348?
2
Let h be (-77)/165*-9 + (-1)/5. Let w(f) = 17*f**2 - 16*f - 9. What is the tens digit of w(h)?
9
Let q(n) = -4*n - 32. Let g be q(-5). What is the units digit of (-9 - g)*(-4 + 2109/9)?
1
What is the units digit of (1 - (-2)/((-44)/26)) + (-47566092)/(-1342)?
4
Let g be 3 + 6*20/24. What is the hundreds digit of (-3)/(-16)*194*g?
2
Let l(b) = 5141*b + 65. What is the hundreds digit of l(2)?
3
Suppose -21 = 3*p - 12, -5*p = 3*m - 20430. What is the hundreds digit of m?
8
Suppose 13*f - 44754 + 13697 = 0. What is the units digit of f?
9
What is the tens digit of (59 - 11)*411*161/84?
1
Let w(r) = r**2 - 6*r - 17. Suppose -3*c = -24 - 9. Let j be w(c). What is the units digit of (-3 - 21/(-3)) + j?
2
Suppose -30 = -3*q - 3*z, z - 10 = 6*z. Suppose -3*a + q = -2*g, -3*a - 3*g - g = 6. Let c(t) = t. What is the units digit of c(a)?
2
Let w(b) = 28*b**2 + 1053*b + 109. What is the thousands digit of w(-46)?
0
Suppose 394928 = -5*k + 54*k - 478742. What is the units digit of k?
0
Let q be ((-56)/10)/(((-48)/(-90))/(-8)). Suppose -w = -3*w + q. Let i = -26 + w. What is the tens digit of i?
1
Let d(n) = -n - 10*n + 12 + 8*n. Let g be d(0). What is the tens digit of (0 - g/5)/((-6)/40)?
1
Let b(g) = -2*g**3 + 6*g**2 - 2. Let o be b(3). Let t = o + -82. Let i = t - -131. What is the units digit of i?
7
Suppose -26565 = 10*l - 286665. What is the hundreds digit of l?
0
What is the hundreds digit of 2 + 355072/56 - (-80)/(-140)?
3
Suppose -2*x =